2 + 3*i + 1. Let h be d(5). Is (-2)/(-6) - h/24 composite?
True
Let r(t) = 4*t. Suppose 3*v - 1 + 3 = 5*d, 4*v = 5*d - 1. Let s be r(v). Is (50/8)/(1/s) prime?
False
Let y(n) = -2*n**3 + 4*n + 9. Is y(-10) composite?
True
Let y = 18 + 14. Suppose -4*b = -5*z + 13, -4*z - 7*b = -3*b - y. Suppose 2*r + 370 = 4*r + c, 5*c = z*r - 955. Is r a composite number?
True
Let p(a) = -a**2 + 4*a - 3. Let x be p(2). Let b(j) = -j + 1. Let k be b(x). Let l(f) = f + 14. Is l(k) composite?
True
Suppose -4*k = -t - 36, 2*t = 4*k - 42 + 10. Let a(l) = l**2 - 6*l - 6. Is a(k) a prime number?
False
Let t(x) = -106*x + 4. Let d be t(4). Let l = d - -611. Is l composite?
False
Let q = 5 + -3. Let d be ((-8)/3 + q)*-6. Suppose -d*u + 115 = u. Is u a composite number?
False
Suppose -2*z - 2*t = -6, -5*z + 5*t = -8 + 3. Suppose -3*d + 2 - 14 = 0, -4*q = z*d - 4. Is (q - 0) + 150/5 a prime number?
False
Let k = -9 + 9. Suppose -3*z - 104 - 56 = -2*s, -3*z + 6 = k. Is s a composite number?
False
Let g(c) = -c**3 - 7*c**2 - 6*c - 5. Is g(-7) composite?
False
Let x(g) = 6*g**3 + g**2 + 10*g - 6. Let v(f) = -5*f**3 - 9*f + 6. Let l(w) = -5*v(w) - 4*x(w). Is l(4) composite?
True
Let h = 9 - 0. Let v = 5 + h. Is v a prime number?
False
Let l be 3 + 1/(-1) + -1. Let i be l/(2/94) - 3. Let n = 81 - i. Is n composite?
False
Suppose -5*c + 597 = -588. Suppose -83 - 74 = -2*r - m, -2*m + c = 3*r. Is r prime?
False
Suppose -248 = -3*i + 946. Suppose 2*s - 4*d = i, 5*s + d - 5*d = 971. Is s a prime number?
True
Let g(r) be the third derivative of r**5/60 + 5*r**4/12 - r**3/3 - 2*r**2. Is g(-13) a composite number?
False
Let u(l) = -30*l**3 + l + 1. Suppose -4*f - 4*n - 5 = -3*n, -4*n + 10 = f. Is u(f) a prime number?
True
Suppose -1 = 2*i - i. Let a = i + 1. Is 2*(a - (-237)/6) a composite number?
False
Is 19522/26 + (-6)/(-39) prime?
True
Let c(x) = -x**3 + x**2 - x + 93. Let o be (-1)/2 + (-3)/(-6). Let d be c(o). Suppose 2*g = w + 222, -2*g + 5*w + d = -g. Is g a composite number?
False
Suppose 0 - 2 = -i. Is -2 + 47 - i/1 composite?
False
Let v = 219 - 101. Suppose 5*c = v + 782. Suppose 5*y = 2*o - 4*o + c, 5*y = -10. Is o a composite number?
True
Let o(v) = -1896*v - 7. Is o(-1) a prime number?
True
Suppose 7 = t + 3*z, 4*t - 3*z - 11 = 2*z. Suppose 84 - 440 = -t*o. Is o a prime number?
True
Let g(d) = -2*d - 1. Let o be g(-2). Suppose -o*x - x = 0. Let b = x + 2. Is b composite?
False
Let x be (-70)/15*1*3. Let a = x + 51. Is a a prime number?
True
Is 2827/3 - (-14)/21 a prime number?
False
Let n = 50 - -15. Is n a prime number?
False
Let q = -6 - -6. Suppose 5*a + 0*j - 183 = 3*j, 2*a - 3*j - 66 = q. Is a a composite number?
True
Let g = -578 + 240. Is (0 - -2 - g) + 1 prime?
False
Let w(l) = 29*l**2 - 27*l + 57. Is w(-20) composite?
False
Let r(v) = -5*v - 22. Let n be r(10). Let i = n + 129. Is i prime?
False
Let a(z) = 80*z**2 + 8*z + 7. Is a(-6) a composite number?
True
Is (-9)/18*2878*-1 a composite number?
False
Let j(x) = -399*x - 4. Let f be j(-3). Let n = -1717 + f. Is 6/(-4)*n/6 a composite number?
False
Suppose -5*v - 2*l - 3*l + 10 = 0, l - 2 = 5*v. Suppose 4*h - 2*d = -v*d + 94, h = 3*d + 31. Is h a prime number?
False
Suppose -2*v + 5*r + 3708 = -0*r, 5*v + 2*r = 9299. Let w = -1319 + v. Suppose 4*c - 352 - w = 0. Is c prime?
True
Let o(z) = z**2 - 5. Let r be o(5). Let v be (-6)/(-10) + (-132)/r. Let t = -4 - v. Is t a composite number?
False
Let z(s) = -s**3 + 11*s**2 + 4*s. Let p(v) = v**2 + v - 1. Let r(h) = -6*p(h) + z(h). Let m be r(4). Suppose 84 = 2*f + m. Is f prime?
False
Let b(v) = -v**3 + 8*v**2 + 8*v + 10. Let c be b(9). Let m be 12/(-2 + -1)*c. Let s(k) = -9*k - 5. Is s(m) prime?
True
Let o(l) = l**2 + 5*l - 4. Let j be o(-6). Let c be 0 - -2 - 1/(-1). Suppose 0 = -j*z - 2, 3*i - 2*z = 35 - c. Is i a prime number?
False
Let c = -86 + 52. Let k = c + 68. Is k prime?
False
Let i(s) = -1248*s**3 + 2*s**2 + s. Is i(-1) a prime number?
True
Let y(h) = 5*h - 6 + h**2 + 3*h**2 - 9*h. Is y(5) a composite number?
True
Is ((-1059)/12 + 0)/(1/(-4)) a composite number?
False
Suppose -6 - 6 = -5*a + 2*r, -3*a - r = -16. Suppose -5*z - b + 4 = -2*z, -z + b = a. Suppose z = -2*u - u + 159. Is u prime?
True
Let l(s) = 2*s**3 - 2*s**3 - 1 + 5*s**2 + s**3. Let i be l(-4). Suppose -2*m + 55 = -i. Is m prime?
False
Suppose 53 + 45 = -u. Let z = u + 177. Is z a prime number?
True
Let h(o) = -828*o + 3. Is h(-1) composite?
True
Let o(u) = u**3 - 16*u**2 + 11*u + 2. Let i be o(14). Let h = i - -363. Is h a prime number?
True
Suppose -3*r = -r - 10, 2*j + 7 = 3*r. Suppose -32 - 116 = -j*l. Is l a composite number?
False
Suppose 4*m = 2*x + x - 25, 0 = -4*x + 2*m + 50. Suppose -16*y = -x*y - 143. Is y composite?
True
Let h(v) = 10*v**2 + 2*v + 1. Let y be h(-2). Suppose 0 = 2*c - y - 31. Is c a prime number?
False
Let x(w) = -w**3 - 20*w**2 + 58*w - 23. Is x(-24) a composite number?
True
Let z be 3/(-2)*236/(-3). Let t be (4 + 2)/((-4)/42). Let q = z + t. Is q a prime number?
False
Suppose 0 = -4*f - o - 17, -f - 20 + 3 = -4*o. Let a = 4 + f. Is a/4 - 2331/(-28) a composite number?
False
Let v be (10/8)/((-1)/(-8)). Suppose -2*l = -236 + v. Is l a composite number?
False
Let u(l) = -2*l**3 + 3*l**2 + 7*l + 3. Is u(-5) composite?
False
Let h(l) = l + 6. Let g be h(-6). Suppose -5*d = -0*d - 5*o - 740, g = -5*d - o + 710. Is d prime?
False
Is 6/(-4)*631/3*-2 composite?
False
Suppose 0 = -2*z + 3*z. Suppose z = 2*q + 2*q - 380. Is q a prime number?
False
Suppose 0*q + 4*q = 0. Suppose -2*o + q*o = -118. Is o a composite number?
False
Suppose -a + 4*a - 195 = 0. Suppose c = 2*c - a. Is c a composite number?
True
Let y(p) = 7*p**2 - 6*p - 5. Is y(6) a prime number?
True
Suppose 5*q + 10 - 75 = 0. Let m be (0 - -7 - -3)*q. Suppose -m = -4*h + 18. Is h a composite number?
False
Let p(z) = 20*z + 8. Let y(q) = q - 1. Let a(s) = -p(s) - 3*y(s). Suppose -5*k - 10 - 20 = 0. Is a(k) a prime number?
False
Let x = 1783 + -1170. Is x a prime number?
True
Let y(q) = -2*q**2 + q + 1. Let w be y(-1). Let k(f) = -5*f**3 - f**2 + 4*f + 3. Is k(w) composite?
False
Suppose -3*g - 4 = 2*v - 0*g, 2*v - 3*g = -16. Let l(m) be the first derivative of -m**4/4 - m**3 + 3*m**2 - 5*m - 10. Is l(v) a prime number?
False
Suppose 4*m = -2*z + 330, z - 5*z = 12. Suppose 0 = 7*p - 3*p - m. Is p a composite number?
True
Let v(n) = 692*n**2 + 1. Let k be v(-2). Suppose -k + 199 = -2*o. Suppose 2*t = 7*t - o. Is t a prime number?
True
Let j(l) be the third derivative of l**5/30 - l**4/12 + l**3/6 + 4*l**2. Is j(-2) prime?
True
Let v be (10 + -2 - 2) + 2. Let t = 91 - v. Is t a composite number?
False
Let n(y) = 17*y**2 - 2*y + 2. Is n(-9) a composite number?
True
Let u = -9 + 2. Let o(z) be the third derivative of -z**6/120 - z**5/10 + z**4/6 - 5*z**3/3 - z**2. Is o(u) a composite number?
False
Suppose -2*c + 2 = -3*q, -4*q - 5 = -4*c - c. Suppose q = -6*k + 3*k + 249. Is k a prime number?
True
Let n(y) be the third derivative of y**6/120 - y**5/12 + y**4/3 - y**3/2 - y**2. Suppose 3*l = 8*l - 25. Is n(l) composite?
False
Suppose 2*y + 3*v - 593 = -2*y, -v = -5*y + 727. Suppose 3*p - y = -2*p - 4*o, 5*o = 5*p - 110. Is p a composite number?
True
Suppose -4*l = c - 611, -c + 85 + 70 = l. Suppose -l = -3*b - b. Suppose p - 77 = -2*f + b, -5*f = -3*p - 260. Is f a composite number?
True
Suppose -2*j = -2*v + 6, -10 = 2*v + 5*j + 5. Suppose -141 = -5*h + 3*t + 314, -5*t = v. Is h composite?
True
Let f(z) = z**3 + 10*z**2 + 9*z + 4. Let a be f(-9). Let d(u) = -3*u**3 + 0*u**2 + 5*u**2 - 7*u - a + 4*u**3. Is d(-5) prime?
True
Let x(r) = 268*r - 17. Is x(4) composite?
True
Suppose -3*s - 423 = j, -2*s + 135 = 4*j + 1837. Let r = -167 - j. Is r a prime number?
False
Let x be (616 - 0)*2/4. Let n = x - 474. Let y = -87 - n. Is y a composite number?
False
Let g = 141 + -260. Let l = 202 + g. Is l a prime number?
True
Let j(x) = 9*x**2 + 8*x - 2. Let m be j(6). Let q = -225 + m. Is q a prime number?
False
Let h(o) = 1088*o**2 - o. Is h(1) a prime number?
True
Suppose -z + 16 = -0*z. Suppose 0 = -2*i + 5*o + z + 14, -3*i = 4*o - 45. Is i a composite number?
True
Let u = -463 - -728. Is u prime?
False
Let g = -6 + 8. Suppose -4*r = 3*d - 341, 0*d - 198 = -g*r + 4*d. Is r a composite number?
False
Let b be 2*(0 + 31/